6818 is divided by 342832?
8322
Calculate the remainder when 97385 is divided by 32446.
47
Calculate the remainder when 843201 is divided by 459.
18
What is the remainder when 355551957 is divided by 15?
12
Calculate the remainder when 163358 is divided by 32660.
58
Calculate the remainder when 269835 is divided by 89886.
177
What is the remainder when 675445 is divided by 15324?
1189
What is the remainder when 12599 is divided by 225?
224
What is the remainder when 92164 is divided by 13114?
366
What is the remainder when 37416599 is divided by 1800?
1799
Calculate the remainder when 70344811 is divided by 17586201.
7
What is the remainder when 1810450 is divided by 2?
0
What is the remainder when 323763 is divided by 17?
15
What is the remainder when 4733536 is divided by 1748?
1700
What is the remainder when 2917349 is divided by 2161?
2160
What is the remainder when 13758028 is divided by 990?
988
Calculate the remainder when 211389 is divided by 13.
9
What is the remainder when 3000330 is divided by 333370?
0
What is the remainder when 199064 is divided by 8654?
22
Calculate the remainder when 157375611 is divided by 422.
417
What is the remainder when 358722 is divided by 39854?
36
Calculate the remainder when 114916536 is divided by 934.
912
Calculate the remainder when 383306 is divided by 196.
126
Calculate the remainder when 9299591 is divided by 388.
7
What is the remainder when 126737 is divided by 873?
152
What is the remainder when 58017443 is divided by 1450?
43
What is the remainder when 85156 is divided by 21272?
68
What is the remainder when 5891514 is divided by 24?
18
Calculate the remainder when 160062 is divided by 11417.
224
What is the remainder when 4669596 is divided by 1111?
63
Calculate the remainder when 200133 is divided by 99780.
573
What is the remainder when 470444 is divided by 31?
19
What is the remainder when 3887147 is divided by 155485?
22
Calculate the remainder when 265230 is divided by 20398.
56
Calculate the remainder when 17290427 is divided by 79.
13
Calculate the remainder when 72967 is divided by 18232.
39
What is the remainder when 2527919 is divided by 390?
329
What is the remainder when 43560 is divided by 734?
254
What is the remainder when 78849 is divided by 568?
465
What is the remainder when 78106 is divided by 39015?
76
What is the remainder when 122910 is divided by 9416?
502
Calculate the remainder when 65134296 is divided by 20.
16
Calculate the remainder when 3817571 is divided by 318120.
131
Calculate the remainder when 1047787 is divided by 130897.
611
What is the remainder when 1108516 is divided by 152?
132
Calculate the remainder when 15301309 is divided by 73.
71
What is the remainder when 1202860 is divided by 5?
0
What is the remainder when 72932 is divided by 587?
144
Calculate the remainder when 17264050 is divided by 235.
10
What is the remainder when 7579326 is divided by 1084?
1082
What is the remainder when 61275006 is divided by 688483?
19
What is the remainder when 7555516 is divided by 435?
1
What is the remainder when 21716654 is divided by 71?
26
Calculate the remainder when 767613 is divided by 127.
25
Calculate the remainder when 3360369 is divided by 98834.
13
What is the remainder when 4635929 is divided by 73586?
11
What is the remainder when 1145299 is divided by 344?
123
Calculate the remainder when 19412316 is divided by 4853075.
16
What is the remainder when 590461 is divided by 2050?
61
What is the remainder when 1003287 is divided by 19?
11
What is the remainder when 12990395 is divided by 80?
75
Calculate the remainder when 70118 is divided by 13684.
1698
Calculate the remainder when 52837 is divided by 483.
190
Calculate the remainder when 70933 is divided by 35459.
15
What is the remainder when 33041369 is divided by 1733?
1724
What is the remainder when 3046654 is divided by 32?
30
Calculate the remainder when 20612689 is divided by 36.
25
Calculate the remainder when 606412 is divided by 12633.
28
Calculate the remainder when 59648343 is divided by 19.
9
What is the remainder when 53850355 is divided by 1127?
41
Calculate the remainder when 2757697 is divided by 58.
29
What is the remainder when 1545133 is divided by 117?
31
What is the remainder when 4343520 is divided by 456?
120
Calculate the remainder when 9396127 is divided by 1707.
799
Calculate the remainder when 548539462 is divided by 968.
966
Calculate the remainder when 718224 is divided by 1109.
701
Calculate the remainder when 815993 is divided by 90658.
71
Calculate the remainder when 8241238 is divided by 19529.
0
Calculate the remainder when 13881 is divided by 434.
427
What is the remainder when 39499 is divided by 610?
459
What is the remainder when 5681502 is divided by 5681393?
109
What is the remainder when 2366580 is divided by 201?
6
Calculate the remainder when 5798 is divided by 2262.
1274
Calculate the remainder when 24872229 is divided by 86.
83
What is the remainder when 121099897 is divided by 72?
1
Calculate the remainder when 4505 is divided by 149.
35
What is the remainder when 165312 is divided by 2398?
2248
What is the remainder when 39542 is divided by 818?
278
Calculate the remainder when 112192 is divided by 58.
20
Calculate the remainder when 23245 is divided by 830.
5
What is the remainder when 496776 is divided by 2300?
2276
What is the remainder when 53446824 is divided by 48?
24
Calculate the remainder when 3196370 is divided by 360.
290
What is the remainder when 107773 is divided by 413?
393
What is the remainder when 133005023 is divided by 66502501?
21
Calculate the remainder when 52611469 is divided by 59114.
9
Calculate the remainder when 166968 is divided by 1726.
1272
What is the remainder when 200793 is divided by 66294?
1911
What is the remainder when 185383 is divided by 506?
187
What is the remainder when 14161061 is divided by 1011501?
47
Calculate the remainder when 124494 is divided by 124453.
41
What is the remainder when 135669 is divided by 2188?
13
What is the remainder when 137842001 is divided by 43?
40
Calculate the remainder when 4438875 is divided by 3612.
3339
What is the remainder when 54259743 is divided by 195?
18
What is the remainder when 25946 is divided by 8486?
488
Calculate the remainder when 2747999 is divided by 358.
349
Calculate the remainder when 4082 is divided by 2282.
1800
Calculate the remainder when 24517424 is divided by 305.
304
Calculate the remainder when 537697 is divided by 71.
14
What is the remainder when 130439 is divided by 32340?
1079
What is the remainder when 11201980 is divided by 75?
55
Calculate the remainder when 250976 is divided by 1059.
1052
Calculate the remainder when 1739080 is divided by 1727.
1718
What is the remainder when 22011 is divided by 1099?
31
What is the remainder when 3276561 is divided by 3276343?
218
What is the remainder when 312941 is divided by 2652?
5
What is the remainder when 4322808 is divided by 2041?
2011
Calculate the remainder when 16585026 is divided by 87.
42
What is the remainder when 225155857 is divided by 3360535?
12
What is the remainder when 95082 is divided by 2443?
2248
What is the remainder when 19338043 is divided by 59319?
49
What is the remainder when 4041693 is divided by 23?
18
Calculate the remainder when 124080 is divided by 1266.
12
Calculate the remainder when 1352367 is divided by 450747.
126
What is the remainder when 617422 is divided by 308710?
2
What is the remainder when 226927 is divided by 205?
197
What is the remainder when 114609 is divided by 6366?
21
What is the remainder when 148633 is divided by 21171?
436
What is the remainder when 5274509 is divided by 3272?
45
What is the remainder when 1208731 is divided by 21?
13
What is the remainder when 44484448 is divided by 28?
8
What is the remainder when 10048373 is divided by 913459?
324
Calculate the remainder when 159059261 is divided by 104.
101
Calculate the remainder when 136998 is divided by 68439.
120
What is the remainder when 283644 is divided by 6745?
354
What is the remainder when 2631201 is divided by 82225?
1
Calculate the remainder when 414984 is divided by 37540.
2044
What is the remainder when 11036007 is divided by 3875?
7
Calculate the remainder when 1914790 is divid